((-2)/t)/(-1)) + 70. Calculate the greatest common divisor of o and 28.
14
Suppose 2*j - 2*f - 2*f - 120 = 0, -3*j + 136 = 5*f. Let r(x) = 2*x**3 + 141*x**2 - 74*x - 135. Let u be r(-71). Calculate the highest common factor of u and j.
26
Let x(r) = -55*r - 170. Let o be x(-8). Let c = o - 259. Calculate the highest common divisor of 649 and c.
11
Let s(n) = -286*n - 11004. Let p be s(-94). What is the highest common factor of p and 40?
40
Let u = 35 - 26. Suppose -u*x - 210 = -10*x. Suppose 9*n = x + 33. Calculate the highest common factor of 216 and n.
27
Let s(t) = 2*t**3 + t**2 + 5*t + 5. Let f be s(-1). Let y be (494/(-78))/((f/1)/21). What is the highest common divisor of y and 38?
19
Let g = 2324 + -2322. Calculate the greatest common divisor of g and 634.
2
Let x = 6788 - 6501. Calculate the highest common divisor of 196 and x.
7
Let m(a) = -10 + 30*a**2 - 25*a**2 - 14*a + 47. Let b be m(3). Calculate the greatest common factor of b and 70.
10
Let j = -135 + 263. Let x = 8681 + -8649. What is the highest common divisor of j and x?
32
Let l be (-1)/(-2) + 2730/(-20) + -10. Let p = l - -160. Calculate the greatest common factor of p and 126.
14
Let x(k) = -k**3 + 4*k**2 + 11*k + 30. Let h be x(5). What is the highest common factor of 620 and h?
20
Let v be ((-150)/(-4))/((-55)/(-44)). Let u be 109 - -2 - (-3)/(-3). What is the highest common divisor of u and v?
10
Let t be 9*(3/36 - 47180/(-48)). What is the greatest common divisor of 9 and t?
9
Let v be (18 + 11/1)/((-4)/(-112)). Calculate the greatest common factor of v and 638.
58
Let a(d) = 1231*d**2 + 7*d - 1223*d**2 - 15*d - 12. Let p be a(-3). What is the greatest common factor of p and 273?
21
Suppose 4*k + 0*k = 248. Suppose 4*s = o + 223 + 51, 2*s = -2*o + 142. Let b = s - k. What is the greatest common factor of b and 77?
7
Let n be (108/10)/(19/855). What is the highest common divisor of n and 198?
18
Suppose 9507 = -100*h + 98607. What is the greatest common factor of h and 154?
11
Let g be (-10)/(-6) - (-58)/(-87). Let c(q) = 96*q**3 - q**2 + 2*q - 1. Let n be c(g). Let t be 2/((-4)/n*-3). What is the greatest common divisor of 16 and t?
16
Let w be (-4)/(-10) - 776/(-10). Suppose 42 = -435*p + 442*p. Calculate the highest common factor of w and p.
6
Suppose 115*s = 99*s + 1296. Suppose 77*j + 756 = s*j. What is the greatest common divisor of j and 27?
27
Suppose 2*f + 3*h - 2307 = 0, -5*h = f + 719 - 1869. Suppose -17*y - 84 = -f. Suppose 21 = -0*j + j. Calculate the greatest common factor of j and y.
21
Let o be -2*(-1 - 0) - 0. Let y be ((-2)/(-3))/((-34)/18 + o). Let s be y/(-9) - 530/(-3). What is the highest common divisor of s and 22?
22
Let g be 242/(-3*(-4)/(-6)). Let f = g - -65. Let w be f/(-7) - 1/((-2)/(-6)). What is the greatest common divisor of w and 45?
5
Let m be (-2)/((3/5)/(-3)). Suppose m*y = 14*y - 16. Suppose 5*n = y*t - 1018, -t + 4*t - 754 = -n. Calculate the greatest common factor of 28 and t.
28
Suppose 15*p = 93*p - 10*p - 131784. What is the highest common divisor of p and 171?
57
Let u(z) = z**3 + 14*z**2 - 17*z - 9. Let o be u(-15). Let t(r) = -r**2 + 26*r - 79. Let d be t(o). What is the greatest common divisor of 494 and d?
26
Suppose 527*w = 605*w - 23088. What is the greatest common factor of w and 800?
8
Let u = -4200 + 4258. Calculate the greatest common factor of 290 and u.
58
Let g = -95 + 113. Let k be 4/(-6) - ((-624)/g - 4). Let c be 1/2 + 37/2. What is the highest common divisor of c and k?
19
Let i = -5471 + 5491. Suppose -324 = -4*j + 2*g, -4*j - g = -5*g - 328. What is the greatest common divisor of j and i?
20
Suppose 2*k - 11043 - 11669 = 3*d, -5*k + 3*d + 56780 = 0. What is the highest common factor of 68 and k?
68
Let j be 1688/6*63/12. Suppose j = 4*t - l, -3*l = -20 + 11. Calculate the highest common divisor of 10 and t.
10
Let f = -491 - -1364. Let j = -865 + f. What is the greatest common divisor of j and 248?
8
Let a be -6*(20/8 - 3). Let h be 321/15 - 4/10. Let z = -9 + h. What is the highest common divisor of z and a?
3
Suppose 146*m - 149*m = -61 - 119. What is the greatest common divisor of m and 15?
15
Let b(l) = 12*l - 2 - 30*l - l**2 + 0 + 9*l. Let h be b(7). Let d = -44 - h. Calculate the highest common factor of 14 and d.
14
Suppose 10 = -12*m - 38. Let l be (-1)/((-8 + 6)/(m/(-1))). Calculate the highest common factor of l and 16.
2
Let i be (2 - 9/12)/((-155)/(-124)). Calculate the greatest common factor of 139 and i.
1
Suppose -240 = -9*l + 7*l. Calculate the highest common factor of l and 696.
24
Suppose 0 = 2*h + w - 24 - 3, -h + 12 = -w. Let g = 79 + -14. What is the highest common factor of h and g?
13
Let o be (-18660)/(-11) - (3584/176 + -20). Let v = -31 - -63. Calculate the greatest common divisor of v and o.
32
Suppose 1948*c + 79 = 2*s + 1947*c, 5*s - 4*c - 184 = 0. What is the greatest common divisor of s and 16115?
11
Let c be 2728/(-352)*4/(-1). Let u(g) = g**3 + g**2 - 3*g - 1. Let x be u(-2). Suppose -c - x = -b. Calculate the highest common divisor of 48 and b.
16
Suppose -22 = -11*i + 22. Suppose i*b - 12 = 16. Calculate the highest common factor of b and 504.
7
Let a = 968 + 1065. Calculate the greatest common divisor of a and 19.
19
Suppose 17 = 8*j + 1521. Let c(a) = 8*a - 5. Let u be c(-6). Let o = u - j. What is the highest common divisor of o and 15?
15
Suppose -3*f + 2*y = -7*f + 200, 5*y = -2*f + 84. Let w(c) = 389*c + 20. Let q be w(1). Let g = 422 - q. What is the greatest common divisor of f and g?
13
Let s(w) = -58*w + 1964. Let o be s(-88). Calculate the highest common factor of 19 and o.
19
Let c be -2 + (0 - (-2005)/5) + 0. Suppose 13*s - c = 95. Calculate the greatest common factor of 608 and s.
38
Suppose f + 87 + 15 = w, 0 = -w - 2*f + 111. Let y = 109 - w. Suppose y*r - 11 - 53 = 0. Calculate the greatest common factor of r and 72.
8
Let v = 386 - 233. Let l = -139 + v. Calculate the highest common factor of l and 448.
14
Let x be -2 - 2/(6 - (-38091)/(-6348)). Calculate the highest common factor of 90 and x.
90
Let u(l) = 2*l**2 - 11*l + 1057. Let z be u(33). What is the greatest common factor of z and 32?
8
Let m be (-1 - -2)/((-2)/6). Let h(q) = -q - 2. Let o be h(m). Suppose -3264 = -121*k - 3143. What is the greatest common divisor of k and o?
1
Let b be (-570)/(-5) + -11 + 6. Suppose b = -7*t + 256. Suppose 0*z - 3*z + 9 = 0. What is the highest common factor of z and t?
3
Let g(i) = -i**2 - 26*i + 1150. Let h be g(-35). Calculate the highest common divisor of 5 and h.
5
Suppose 19*z - 278 = 624 - 218. Calculate the highest common factor of 22266 and z.
18
Suppose 0 = 5*a - 42 - 43. Suppose -4*v = a - 101. Suppose -w = -0*w - 105. Calculate the greatest common factor of v and w.
21
Suppose -160 = -10*s - 6*s. Suppose 721 = -3*g + s*g. Suppose 0 = -t + 3*i + 54, -4*t + i = -2*t - g. What is the greatest common divisor of 34 and t?
17
Let f(n) = -7*n**3 - 160*n**2 + 9*n - 82. Let y be f(-23). Calculate the highest common divisor of y and 195.
15
Let q = -1424 + 971. Let z = q - -465. Calculate the greatest common factor of z and 64.
4
Let w(r) = 365*r - 4668. Let p be w(13). Calculate the greatest common divisor of 1177 and p.
11
Let s(c) = -1957*c - 3455. Let z be s(-10). What is the greatest common factor of z and 55?
55
Let h(v) = -2*v**3 - 59*v**2 + 92*v + 480. Let n be h(-32). What is the highest common divisor of n and 416?
32
Let r = 5 - 3. Let l be (-9)/(-21) - (-6 + (-296)/28 + -4). Let u be (14/l)/(r*2/42). What is the greatest common factor of 7 and u?
7
Let y = -107 + 136. Suppose 4*r + 54 = 2*i, i - 16*r - y = -12*r. Calculate the greatest common divisor of i and 925.
25
Let a = -15 - -30. Let v be 2*a/6*6. Suppose 184*w = 837 + 1371. What is the greatest common divisor of w and v?
6
Suppose 2917 = -b + 5*b - 5*q, b + 3*q - 725 = 0. Suppose -14*n - b = -2576. What is the highest common factor of n and 44?
44
Let h(b) = -b**3 - 10*b**2 - 9*b + 18. Suppose -4*n - y = 41, 1 + 0 = n - 2*y. Let o be h(n). Calculate the greatest common divisor of o and 162.
18
Suppose 2380*r = 2462*r - 113652. Calculate the highest common divisor of 110 and r.
22
Let u be ((-27643)/(-42) - 7) + 10/(-60). What is the greatest common factor of 42 and u?
21
Suppose -2*z + 1 = 